[INFO] cloning repository https://github.com/dwallach1/connect_k_gui
[INFO] running `Command { std: "git" "-c" "credential.helper=" "-c" "credential.helper=/workspace/cargo-home/bin/git-credential-null" "clone" "--bare" "https://github.com/dwallach1/connect_k_gui" "/workspace/cache/git-repos/https%3A%2F%2Fgithub.com%2Fdwallach1%2Fconnect_k_gui", kill_on_drop: false }`
[INFO] [stderr] Cloning into bare repository '/workspace/cache/git-repos/https%3A%2F%2Fgithub.com%2Fdwallach1%2Fconnect_k_gui'...
[INFO] running `Command { std: "git" "rev-parse" "HEAD", kill_on_drop: false }`
[INFO] [stdout] 0374e502c5f877b702e74112984a873871585f83
[INFO] checking dwallach1/connect_k_gui against master#af3c6e733a40e671550e0f0f5aeecaa13772ba56 for pr-74989
[INFO] running `Command { std: "git" "clone" "/workspace/cache/git-repos/https%3A%2F%2Fgithub.com%2Fdwallach1%2Fconnect_k_gui" "/workspace/builds/worker-2/source", kill_on_drop: false }`
[INFO] [stderr] Cloning into '/workspace/builds/worker-2/source'...
[INFO] [stderr] done.
[INFO] validating manifest of git repo https://github.com/dwallach1/connect_k_gui on toolchain af3c6e733a40e671550e0f0f5aeecaa13772ba56
[INFO] running `Command { std: "/workspace/cargo-home/bin/cargo" "+af3c6e733a40e671550e0f0f5aeecaa13772ba56" "read-manifest" "--manifest-path" "Cargo.toml", kill_on_drop: false }`
[INFO] started tweaking git repo https://github.com/dwallach1/connect_k_gui
[INFO] finished tweaking git repo https://github.com/dwallach1/connect_k_gui
[INFO] tweaked toml for git repo https://github.com/dwallach1/connect_k_gui written to /workspace/builds/worker-2/source/Cargo.toml
[INFO] crate git repo https://github.com/dwallach1/connect_k_gui already has a lockfile, it will not be regenerated
[INFO] running `Command { std: "/workspace/cargo-home/bin/cargo" "+af3c6e733a40e671550e0f0f5aeecaa13772ba56" "fetch" "--locked" "--manifest-path" "Cargo.toml", kill_on_drop: false }`
[INFO] [stderr]     Blocking waiting for file lock on package cache
[INFO] [stderr]     Updating git repository `https://github.com/gtk-rs/gdk.git`
[INFO] [stderr]     Updating git submodule `https://github.com/gtk-rs/gir.git`
[INFO] [stderr]     Updating git submodule `https://github.com/gtk-rs/gir-files.git`
[INFO] [stderr]     Updating git repository `https://github.com/gtk-rs/gtk.git`
[INFO] [stderr]     Updating git submodule `https://github.com/gtk-rs/gir.git`
[INFO] [stderr]     Updating git submodule `https://github.com/gtk-rs/gir-files.git`
[INFO] [stderr]     Updating git repository `https://github.com/gtk-rs/cairo`
[INFO] [stderr]     Updating git repository `https://github.com/gtk-rs/gdk-pixbuf`
[INFO] [stderr]     Updating git repository `https://github.com/gtk-rs/sys`
[INFO] [stderr]     Updating git submodule `https://github.com/gtk-rs/gir`
[INFO] [stderr]     Updating git submodule `https://github.com/gtk-rs/gir-files`
[INFO] [stderr]     Updating git repository `https://github.com/gtk-rs/gio`
[INFO] [stderr]     Updating git submodule `https://github.com/gtk-rs/gir.git`
[INFO] [stderr]     Updating git submodule `https://github.com/gtk-rs/gir-files.git`
[INFO] [stderr]     Updating git repository `https://github.com/gtk-rs/glib`
[INFO] [stderr]     Updating git submodule `https://github.com/gtk-rs/gir.git`
[INFO] [stderr]     Updating git submodule `https://github.com/gtk-rs/gir-files.git`
[INFO] [stderr]     Updating git repository `https://github.com/gtk-rs/pango`
[INFO] [stderr]     Updating git submodule `https://github.com/gtk-rs/gir.git`
[INFO] [stderr]     Updating git submodule `https://github.com/gtk-rs/gir-files.git`
[INFO] [stderr]     Blocking waiting for file lock on package cache
[INFO] [stderr]  Downloading crates ...
[INFO] [stderr]   Downloaded utf8-ranges v1.0.0
[INFO] [stderr]   Downloaded language-tags v0.2.2
[INFO] [stderr]   Downloaded lazy_static v0.2.8
[INFO] [stderr]   Downloaded aho-corasick v0.6.3
[INFO] [stderr]   Downloaded url v1.4.1
[INFO] [stderr]   Downloaded time v0.1.37
[INFO] [stderr]   Downloaded synom v0.11.3
[INFO] [stderr]   Downloaded serde_derive v1.0.8
[INFO] [stderr]   Downloaded dtoa v0.4.1
[INFO] [stderr]   Downloaded unicode-normalization v0.1.4
[INFO] [stderr]   Downloaded rustc_version v0.1.7
[INFO] [stderr]   Downloaded unreachable v0.1.1
[INFO] [stderr]   Downloaded typeable v0.1.2
[INFO] [stderr]   Downloaded traitobject v0.1.0
[INFO] [stderr]   Downloaded semver v0.1.20
[INFO] [stderr]   Downloaded log v0.3.8
[INFO] [stderr]   Downloaded bitflags v0.8.2
[INFO] [stderr]   Downloaded pkg-config v0.3.9
[INFO] [stderr]   Downloaded unicode-bidi v0.3.3
[INFO] [stderr]   Downloaded unicase v1.4.0
[INFO] [stderr]   Downloaded byteorder v1.0.0
[INFO] [stderr]   Downloaded hyper v0.10.11
[INFO] [stderr]   Downloaded memchr v1.0.1
[INFO] [stderr]   Downloaded matches v0.1.4
[INFO] [stderr]   Downloaded idna v0.1.2
[INFO] [stderr]   Downloaded quote v0.3.15
[INFO] [stderr]   Downloaded mime v0.2.6
[INFO] [stderr]   Downloaded thread_local v0.3.3
[INFO] [stderr]   Downloaded num-traits v0.1.37
[INFO] [stderr]   Downloaded base64 v0.5.2
[INFO] [stderr]   Downloaded num_cpus v1.5.0
[INFO] [stderr]   Downloaded redox_syscall v0.1.17
[INFO] [stderr]   Downloaded regex-syntax v0.4.1
[INFO] [stderr]   Downloaded httparse v1.2.3
[INFO] [stderr]   Downloaded libc v0.2.23
[INFO] [stderr]   Downloaded c_vec v1.2.1
[INFO] [stderr]   Downloaded thread-id v3.1.0
[INFO] [stderr]   Downloaded serde_derive_internals v0.15.1
[INFO] [stderr]   Downloaded itoa v0.3.1
[INFO] [stderr]   Downloaded serde v1.0.8
[INFO] [stderr]   Downloaded unicode-xid v0.0.4
[INFO] [stderr]   Downloaded syn v0.11.11
[INFO] [stderr]   Downloaded bitflags v0.5.0
[INFO] [stderr]   Downloaded regex v0.2.2
[INFO] [stderr]   Downloaded serde_json v1.0.2
[INFO] running `Command { std: "docker" "create" "-v" "/var/lib/crater-agent-workspace/builds/worker-2/target:/opt/rustwide/target:rw,Z" "-v" "/var/lib/crater-agent-workspace/builds/worker-2/source:/opt/rustwide/workdir:ro,Z" "-v" "/var/lib/crater-agent-workspace/cargo-home:/opt/rustwide/cargo-home:ro,Z" "-v" "/var/lib/crater-agent-workspace/rustup-home:/opt/rustwide/rustup-home:ro,Z" "-e" "SOURCE_DIR=/opt/rustwide/workdir" "-e" "CARGO_TARGET_DIR=/opt/rustwide/target" "-e" "CARGO_HOME=/opt/rustwide/cargo-home" "-e" "RUSTUP_HOME=/opt/rustwide/rustup-home" "-w" "/opt/rustwide/workdir" "-m" "1610612736" "--user" "0:0" "--network" "none" "rustops/crates-build-env@sha256:d92eaeed33fa75130ca1ee6c8a01d1ffb62bac859dfdfb3450e3e5d1c0146529" "/opt/rustwide/cargo-home/bin/cargo" "+af3c6e733a40e671550e0f0f5aeecaa13772ba56" "metadata" "--no-deps" "--format-version=1", kill_on_drop: false }`
[INFO] [stdout] d51ccc8b334d17b8e0f8ee2ffc9d5d90b2a4f389971c9e6e0079595f6eb6d317
[INFO] [stderr] WARNING: Your kernel does not support swap limit capabilities or the cgroup is not mounted. Memory limited without swap.
[INFO] running `Command { std: "docker" "start" "-a" "d51ccc8b334d17b8e0f8ee2ffc9d5d90b2a4f389971c9e6e0079595f6eb6d317", kill_on_drop: false }`
[INFO] running `Command { std: "docker" "inspect" "d51ccc8b334d17b8e0f8ee2ffc9d5d90b2a4f389971c9e6e0079595f6eb6d317", kill_on_drop: false }`
[INFO] running `Command { std: "docker" "rm" "-f" "d51ccc8b334d17b8e0f8ee2ffc9d5d90b2a4f389971c9e6e0079595f6eb6d317", kill_on_drop: false }`
[INFO] [stdout] d51ccc8b334d17b8e0f8ee2ffc9d5d90b2a4f389971c9e6e0079595f6eb6d317
[INFO] running `Command { std: "docker" "create" "-v" "/var/lib/crater-agent-workspace/builds/worker-2/target:/opt/rustwide/target:rw,Z" "-v" "/var/lib/crater-agent-workspace/builds/worker-2/source:/opt/rustwide/workdir:ro,Z" "-v" "/var/lib/crater-agent-workspace/cargo-home:/opt/rustwide/cargo-home:ro,Z" "-v" "/var/lib/crater-agent-workspace/rustup-home:/opt/rustwide/rustup-home:ro,Z" "-e" "SOURCE_DIR=/opt/rustwide/workdir" "-e" "CARGO_TARGET_DIR=/opt/rustwide/target" "-e" "CARGO_INCREMENTAL=0" "-e" "RUST_BACKTRACE=full" "-e" "RUSTFLAGS=--cap-lints=forbid" "-e" "CARGO_HOME=/opt/rustwide/cargo-home" "-e" "RUSTUP_HOME=/opt/rustwide/rustup-home" "-w" "/opt/rustwide/workdir" "-m" "1610612736" "--user" "0:0" "--network" "none" "rustops/crates-build-env@sha256:d92eaeed33fa75130ca1ee6c8a01d1ffb62bac859dfdfb3450e3e5d1c0146529" "/opt/rustwide/cargo-home/bin/cargo" "+af3c6e733a40e671550e0f0f5aeecaa13772ba56" "check" "--frozen" "--all" "--all-targets" "--message-format=json", kill_on_drop: false }`
[INFO] [stdout] 17cace7fbf26d21d8d24c4922041ddd97e96556d84adb28cd07ea9b912f44e04
[INFO] [stderr] WARNING: Your kernel does not support swap limit capabilities or the cgroup is not mounted. Memory limited without swap.
[INFO] running `Command { std: "docker" "start" "-a" "17cace7fbf26d21d8d24c4922041ddd97e96556d84adb28cd07ea9b912f44e04", kill_on_drop: false }`
[INFO] [stderr]     Checking libc v0.2.23
[INFO] [stderr]    Compiling gio v0.1.3 (https://github.com/gtk-rs/gio#0e1d2ca7)
[INFO] [stderr]    Compiling gdk-pixbuf v0.1.3 (https://github.com/gtk-rs/gdk-pixbuf#09fafcfc)
[INFO] [stderr]    Compiling unicode-xid v0.0.4
[INFO] [stderr]    Compiling cairo-rs v0.1.3 (https://github.com/gtk-rs/cairo#94beb78b)
[INFO] [stderr]    Compiling quote v0.3.15
[INFO] [stderr]     Checking c_vec v1.2.1
[INFO] [stderr]     Checking void v1.0.2
[INFO] [stderr]    Compiling gdk v0.5.3 (https://github.com/gtk-rs/gdk.git#7c6ed03f)
[INFO] [stderr]    Compiling gtk v0.1.3 (https://github.com/gtk-rs/gtk.git#3964a234)
[INFO] [stderr]     Checking httparse v1.2.3
[INFO] [stderr]     Checking typeable v0.1.2
[INFO] [stderr]     Checking utf8-ranges v1.0.0
[INFO] [stderr]     Checking regex-syntax v0.4.1
[INFO] [stderr]     Checking serde v1.0.8
[INFO] [stderr]     Checking language-tags v0.2.2
[INFO] [stderr]     Checking traitobject v0.1.0
[INFO] [stderr]    Compiling glib-sys v0.3.4 (https://github.com/gtk-rs/sys#518d3a5d)
[INFO] [stderr]    Compiling gobject-sys v0.3.4 (https://github.com/gtk-rs/sys#518d3a5d)
[INFO] [stderr]    Compiling gio-sys v0.3.4 (https://github.com/gtk-rs/sys#518d3a5d)
[INFO] [stderr]    Compiling gdk-pixbuf-sys v0.3.4 (https://github.com/gtk-rs/sys#518d3a5d)
[INFO] [stderr]    Compiling cairo-sys-rs v0.3.4 (https://github.com/gtk-rs/cairo#94beb78b)
[INFO] [stderr]    Compiling pango-sys v0.3.4 (https://github.com/gtk-rs/sys#518d3a5d)
[INFO] [stderr]    Compiling gdk-sys v0.3.4 (https://github.com/gtk-rs/sys#518d3a5d)
[INFO] [stderr]    Compiling atk-sys v0.3.4 (https://github.com/gtk-rs/sys#518d3a5d)
[INFO] [stderr]    Compiling gtk-sys v0.3.4 (https://github.com/gtk-rs/sys#518d3a5d)
[INFO] [stderr]     Checking unicode-bidi v0.3.3
[INFO] [stderr]     Checking mime v0.2.6
[INFO] [stderr]     Checking base64 v0.5.2
[INFO] [stderr]     Checking unreachable v0.1.1
[INFO] [stderr]    Compiling synom v0.11.3
[INFO] [stderr]    Compiling hyper v0.10.11
[INFO] [stderr]     Checking memchr v1.0.1
[INFO] [stderr]     Checking thread-id v3.1.0
[INFO] [stderr]     Checking num_cpus v1.5.0
[INFO] [stderr]     Checking time v0.1.37
[INFO] [stderr]     Checking thread_local v0.3.3
[INFO] [stderr]    Compiling syn v0.11.11
[INFO] [stderr]     Checking aho-corasick v0.6.3
[INFO] [stderr]     Checking idna v0.1.2
[INFO] [stderr]     Checking regex v0.2.2
[INFO] [stderr]     Checking url v1.4.1
[INFO] [stderr]    Compiling serde_derive_internals v0.15.1
[INFO] [stderr]     Checking glib v0.1.3 (https://github.com/gtk-rs/glib#691ad4a4)
[INFO] [stdout] error[E0713]: borrow may still be in use when destructor runs
[INFO] [stdout]    --> /opt/rustwide/cargo-home/registry/src/github.com-1ecc6299db9ec823/url-1.4.1/src/form_urlencoded.rs:248:40
[INFO] [stdout]     |
[INFO] [stdout] 246 | impl<'a> Target for ::UrlQuery<'a> {
[INFO] [stdout]     |      -- lifetime `'a` defined here
[INFO] [stdout] 247 |     fn as_mut_string(&mut self) -> &mut String { &mut self.url.serialization }
[INFO] [stdout] 248 |     fn finish(self) -> &'a mut ::Url { self.url }
[INFO] [stdout]     |                                        ^^^^^^^^ - here, drop of `self` needs exclusive access to `*self.url`, because the type `UrlQuery<'_>` implements the `Drop` trait
[INFO] [stdout]     |                                        |
[INFO] [stdout]     |                                        returning this value requires that `*self.url` is borrowed for `'a`
[INFO] [stdout] 
[INFO] [stdout] 
[INFO] [stdout] error: aborting due to previous error
[INFO] [stdout] 
[INFO] [stdout] 
[INFO] [stdout] For more information about this error, try `rustc --explain E0713`.
[INFO] [stdout] 
[INFO] [stderr] error: could not compile `url`.
[INFO] [stderr] 
[INFO] [stderr] To learn more, run the command again with --verbose.
[INFO] [stderr] warning: build failed, waiting for other jobs to finish...
[INFO] [stdout] error[E0119]: conflicting implementations of trait `value::SetValueOptional` for type `&_`:
[INFO] [stdout]    --> /opt/rustwide/cargo-home/git/checkouts/glib-928cf7b282977403/691ad4a/src/value.rs:534:1
[INFO] [stdout]     |
[INFO] [stdout] 503 | impl<'a, T: ?Sized + SetValueOptional> SetValueOptional for &'a T {
[INFO] [stdout]     | ----------------------------------------------------------------- first implementation here
[INFO] [stdout] ...
[INFO] [stdout] 534 | impl<T: IsA<Object>> SetValueOptional for T {
[INFO] [stdout]     | ^^^^^^^^^^^^^^^^^^^^^^^^^^^^^^^^^^^^^^^^^^^ conflicting implementation for `&_`
[INFO] [stdout]     |
[INFO] [stdout]     = note: downstream crates may implement trait `object::IsA<object::Object>` for type `&_`
[INFO] [stdout] 
[INFO] [stdout] 
[INFO] [stdout] error[E0119]: conflicting implementations of trait `value::SetValue` for type `&_`:
[INFO] [stdout]    --> /opt/rustwide/cargo-home/git/checkouts/glib-928cf7b282977403/691ad4a/src/value.rs:528:1
[INFO] [stdout]     |
[INFO] [stdout] 497 | impl<'a, T: ?Sized + SetValue> SetValue for &'a T {
[INFO] [stdout]     | ------------------------------------------------- first implementation here
[INFO] [stdout] ...
[INFO] [stdout] 528 | impl<T: IsA<Object>> SetValue for T {
[INFO] [stdout]     | ^^^^^^^^^^^^^^^^^^^^^^^^^^^^^^^^^^^ conflicting implementation for `&_`
[INFO] [stdout]     |
[INFO] [stdout]     = note: downstream crates may implement trait `object::IsA<object::Object>` for type `&_`
[INFO] [stdout] 
[INFO] [stdout] 
[INFO] [stdout] error: aborting due to 2 previous errors
[INFO] [stdout] 
[INFO] [stdout] 
[INFO] [stdout] For more information about this error, try `rustc --explain E0119`.
[INFO] [stdout] 
[INFO] [stderr] error: build failed
[INFO] running `Command { std: "docker" "inspect" "17cace7fbf26d21d8d24c4922041ddd97e96556d84adb28cd07ea9b912f44e04", kill_on_drop: false }`
[INFO] running `Command { std: "docker" "rm" "-f" "17cace7fbf26d21d8d24c4922041ddd97e96556d84adb28cd07ea9b912f44e04", kill_on_drop: false }`
[INFO] [stdout] 17cace7fbf26d21d8d24c4922041ddd97e96556d84adb28cd07ea9b912f44e04
